{"id":28647,"date":"2023-12-11T15:21:39","date_gmt":"2023-12-11T15:21:39","guid":{"rendered":"https:\/\/namcosmetics.eu\/producto\/make-up-primer\/"},"modified":"2024-01-03T09:50:36","modified_gmt":"2024-01-03T09:50:36","slug":"make-up-primer","status":"publish","type":"product","link":"https:\/\/namcosmetics.eu\/pt-pt\/producto\/make-up-primer\/","title":{"rendered":"Pr\u00e8-base de Maquilhagem"},"content":{"rendered":"<h4>Como<br \/>\n  utilizar<\/h4>\n<p>O<br \/>\n    produto deve ser aplicado na pele limpa, de prefer\u00eancia ap\u00f3s a utiliza\u00e7\u00e3o<br \/>\n  do<br \/>\n    hidratante e antes da aplica\u00e7\u00e3o da maquilhagem. O prim\u00e1rio tamb\u00e9m pode<br \/>\n  ser<br \/>\n    utilizado sem maquilhagem para obter o efeito de uma tez lisa e mate<br \/>\n  durante<br \/>\n    horas.<\/p>\n<\/p>\n<h4>Ingredients<\/h4>\n<p>Ingredients:<br \/>\n    Dimethicone, Isododecane, Dimethicone Crosspolymer, Isononyl<br \/>\n    Isononanoate.<\/p>\n","protected":false},"excerpt":{"rendered":"<p>Pr\u00e9-base de maquilhagem<br \/>\n  suavizante e corretora. Reduz visivelmente as imperfei\u00e7\u00f5es da pele e prolonga<br \/>\n  a dura\u00e7\u00e3o da maquilhagem, criando uma c\u00fatis ideal para a mesma. A sua f\u00f3rmula<br \/>\n  \u00fanica esbate as r\u00eddulas e as rugas.<\/p>\n","protected":false},"featured_media":27879,"comment_status":"closed","ping_status":"closed","template":"","meta":[],"product_brand":[],"product_cat":[1714,1646,1349],"product_tag":[],"class_list":{"0":"post-28647","1":"product","2":"type-product","3":"status-publish","4":"has-post-thumbnail","6":"product_cat-new-pt-pt","7":"product_cat-new-2023-pt-pt","8":"product_cat-primer-pt-pt","10":"first","11":"instock","12":"shipping-taxable","13":"purchasable","14":"product-type-simple"},"yoast_head":"<!-- This site is optimized with the Yoast SEO plugin v25.0 - https:\/\/yoast.com\/wordpress\/plugins\/seo\/ -->\n<title>Pr\u00e8-base de Maquilhagem - NAM<\/title>\n<meta name=\"robots\" content=\"index, follow, max-snippet:-1, max-image-preview:large, max-video-preview:-1\" \/>\n<link rel=\"canonical\" href=\"https:\/\/namcosmetics.eu\/pt-pt\/producto\/make-up-primer\/\" \/>\n<meta property=\"og:locale\" content=\"pt_PT\" \/>\n<meta property=\"og:type\" content=\"article\" \/>\n<meta property=\"og:title\" content=\"Pr\u00e8-base de Maquilhagem - NAM\" \/>\n<meta property=\"og:description\" content=\"Pr\u00e9-base de maquilhagem  suavizante e corretora. Reduz visivelmente as imperfei\u00e7\u00f5es da pele e prolonga  a dura\u00e7\u00e3o da maquilhagem, criando uma c\u00fatis ideal para a mesma. A sua f\u00f3rmula  \u00fanica esbate as r\u00eddulas e as rugas.\" \/>\n<meta property=\"og:url\" content=\"https:\/\/namcosmetics.eu\/pt-pt\/producto\/make-up-primer\/\" \/>\n<meta property=\"og:site_name\" content=\"NAM\" \/>\n<meta property=\"article:modified_time\" content=\"2024-01-03T09:50:36+00:00\" \/>\n<meta property=\"og:image\" content=\"https:\/\/namcosmetics.eu\/wp-content\/uploads\/2023\/12\/CE451_5905309902923.jpg\" \/>\n\t<meta property=\"og:image:width\" content=\"800\" \/>\n\t<meta property=\"og:image:height\" content=\"800\" \/>\n\t<meta property=\"og:image:type\" content=\"image\/jpeg\" \/>\n<meta name=\"twitter:card\" content=\"summary_large_image\" \/>\n<script type=\"application\/ld+json\" class=\"yoast-schema-graph\">{\"@context\":\"https:\/\/schema.org\",\"@graph\":[{\"@type\":\"WebPage\",\"@id\":\"https:\/\/namcosmetics.eu\/pt-pt\/producto\/make-up-primer\/\",\"url\":\"https:\/\/namcosmetics.eu\/pt-pt\/producto\/make-up-primer\/\",\"name\":\"Pr\u00e8-base de Maquilhagem - NAM\",\"isPartOf\":{\"@id\":\"https:\/\/namcosmetics.eu\/pt-pt\/#website\"},\"primaryImageOfPage\":{\"@id\":\"https:\/\/namcosmetics.eu\/pt-pt\/producto\/make-up-primer\/#primaryimage\"},\"image\":{\"@id\":\"https:\/\/namcosmetics.eu\/pt-pt\/producto\/make-up-primer\/#primaryimage\"},\"thumbnailUrl\":\"https:\/\/namcosmetics.eu\/wp-content\/uploads\/2023\/12\/CE451_5905309902923.jpg\",\"datePublished\":\"2023-12-11T15:21:39+00:00\",\"dateModified\":\"2024-01-03T09:50:36+00:00\",\"breadcrumb\":{\"@id\":\"https:\/\/namcosmetics.eu\/pt-pt\/producto\/make-up-primer\/#breadcrumb\"},\"inLanguage\":\"pt-PT\",\"potentialAction\":[{\"@type\":\"ReadAction\",\"target\":[\"https:\/\/namcosmetics.eu\/pt-pt\/producto\/make-up-primer\/\"]}]},{\"@type\":\"ImageObject\",\"inLanguage\":\"pt-PT\",\"@id\":\"https:\/\/namcosmetics.eu\/pt-pt\/producto\/make-up-primer\/#primaryimage\",\"url\":\"https:\/\/namcosmetics.eu\/wp-content\/uploads\/2023\/12\/CE451_5905309902923.jpg\",\"contentUrl\":\"https:\/\/namcosmetics.eu\/wp-content\/uploads\/2023\/12\/CE451_5905309902923.jpg\",\"width\":800,\"height\":800},{\"@type\":\"BreadcrumbList\",\"@id\":\"https:\/\/namcosmetics.eu\/pt-pt\/producto\/make-up-primer\/#breadcrumb\",\"itemListElement\":[{\"@type\":\"ListItem\",\"position\":1,\"name\":\"Portada\",\"item\":\"https:\/\/namcosmetics.eu\/pt-pt\/\"},{\"@type\":\"ListItem\",\"position\":2,\"name\":\"Tienda\",\"item\":\"https:\/\/namcosmetics.eu\/tienda\/\"},{\"@type\":\"ListItem\",\"position\":3,\"name\":\"Pr\u00e8-base de Maquilhagem\"}]},{\"@type\":\"WebSite\",\"@id\":\"https:\/\/namcosmetics.eu\/pt-pt\/#website\",\"url\":\"https:\/\/namcosmetics.eu\/pt-pt\/\",\"name\":\"NAM\",\"description\":\"NAM Europe\",\"potentialAction\":[{\"@type\":\"SearchAction\",\"target\":{\"@type\":\"EntryPoint\",\"urlTemplate\":\"https:\/\/namcosmetics.eu\/pt-pt\/?s={search_term_string}\"},\"query-input\":{\"@type\":\"PropertyValueSpecification\",\"valueRequired\":true,\"valueName\":\"search_term_string\"}}],\"inLanguage\":\"pt-PT\"}]}<\/script>\n<!-- \/ Yoast SEO plugin. -->","yoast_head_json":{"title":"Pr\u00e8-base de Maquilhagem - NAM","robots":{"index":"index","follow":"follow","max-snippet":"max-snippet:-1","max-image-preview":"max-image-preview:large","max-video-preview":"max-video-preview:-1"},"canonical":"https:\/\/namcosmetics.eu\/pt-pt\/producto\/make-up-primer\/","og_locale":"pt_PT","og_type":"article","og_title":"Pr\u00e8-base de Maquilhagem - NAM","og_description":"Pr\u00e9-base de maquilhagem  suavizante e corretora. Reduz visivelmente as imperfei\u00e7\u00f5es da pele e prolonga  a dura\u00e7\u00e3o da maquilhagem, criando uma c\u00fatis ideal para a mesma. A sua f\u00f3rmula  \u00fanica esbate as r\u00eddulas e as rugas.","og_url":"https:\/\/namcosmetics.eu\/pt-pt\/producto\/make-up-primer\/","og_site_name":"NAM","article_modified_time":"2024-01-03T09:50:36+00:00","og_image":[{"width":800,"height":800,"url":"https:\/\/namcosmetics.eu\/wp-content\/uploads\/2023\/12\/CE451_5905309902923.jpg","type":"image\/jpeg"}],"twitter_card":"summary_large_image","schema":{"@context":"https:\/\/schema.org","@graph":[{"@type":"WebPage","@id":"https:\/\/namcosmetics.eu\/pt-pt\/producto\/make-up-primer\/","url":"https:\/\/namcosmetics.eu\/pt-pt\/producto\/make-up-primer\/","name":"Pr\u00e8-base de Maquilhagem - NAM","isPartOf":{"@id":"https:\/\/namcosmetics.eu\/pt-pt\/#website"},"primaryImageOfPage":{"@id":"https:\/\/namcosmetics.eu\/pt-pt\/producto\/make-up-primer\/#primaryimage"},"image":{"@id":"https:\/\/namcosmetics.eu\/pt-pt\/producto\/make-up-primer\/#primaryimage"},"thumbnailUrl":"https:\/\/namcosmetics.eu\/wp-content\/uploads\/2023\/12\/CE451_5905309902923.jpg","datePublished":"2023-12-11T15:21:39+00:00","dateModified":"2024-01-03T09:50:36+00:00","breadcrumb":{"@id":"https:\/\/namcosmetics.eu\/pt-pt\/producto\/make-up-primer\/#breadcrumb"},"inLanguage":"pt-PT","potentialAction":[{"@type":"ReadAction","target":["https:\/\/namcosmetics.eu\/pt-pt\/producto\/make-up-primer\/"]}]},{"@type":"ImageObject","inLanguage":"pt-PT","@id":"https:\/\/namcosmetics.eu\/pt-pt\/producto\/make-up-primer\/#primaryimage","url":"https:\/\/namcosmetics.eu\/wp-content\/uploads\/2023\/12\/CE451_5905309902923.jpg","contentUrl":"https:\/\/namcosmetics.eu\/wp-content\/uploads\/2023\/12\/CE451_5905309902923.jpg","width":800,"height":800},{"@type":"BreadcrumbList","@id":"https:\/\/namcosmetics.eu\/pt-pt\/producto\/make-up-primer\/#breadcrumb","itemListElement":[{"@type":"ListItem","position":1,"name":"Portada","item":"https:\/\/namcosmetics.eu\/pt-pt\/"},{"@type":"ListItem","position":2,"name":"Tienda","item":"https:\/\/namcosmetics.eu\/tienda\/"},{"@type":"ListItem","position":3,"name":"Pr\u00e8-base de Maquilhagem"}]},{"@type":"WebSite","@id":"https:\/\/namcosmetics.eu\/pt-pt\/#website","url":"https:\/\/namcosmetics.eu\/pt-pt\/","name":"NAM","description":"NAM Europe","potentialAction":[{"@type":"SearchAction","target":{"@type":"EntryPoint","urlTemplate":"https:\/\/namcosmetics.eu\/pt-pt\/?s={search_term_string}"},"query-input":{"@type":"PropertyValueSpecification","valueRequired":true,"valueName":"search_term_string"}}],"inLanguage":"pt-PT"}]}},"_links":{"self":[{"href":"https:\/\/namcosmetics.eu\/pt-pt\/wp-json\/wp\/v2\/product\/28647"}],"collection":[{"href":"https:\/\/namcosmetics.eu\/pt-pt\/wp-json\/wp\/v2\/product"}],"about":[{"href":"https:\/\/namcosmetics.eu\/pt-pt\/wp-json\/wp\/v2\/types\/product"}],"replies":[{"embeddable":true,"href":"https:\/\/namcosmetics.eu\/pt-pt\/wp-json\/wp\/v2\/comments?post=28647"}],"wp:featuredmedia":[{"embeddable":true,"href":"https:\/\/namcosmetics.eu\/pt-pt\/wp-json\/wp\/v2\/media\/27879"}],"wp:attachment":[{"href":"https:\/\/namcosmetics.eu\/pt-pt\/wp-json\/wp\/v2\/media?parent=28647"}],"wp:term":[{"taxonomy":"product_brand","embeddable":true,"href":"https:\/\/namcosmetics.eu\/pt-pt\/wp-json\/wp\/v2\/product_brand?post=28647"},{"taxonomy":"product_cat","embeddable":true,"href":"https:\/\/namcosmetics.eu\/pt-pt\/wp-json\/wp\/v2\/product_cat?post=28647"},{"taxonomy":"product_tag","embeddable":true,"href":"https:\/\/namcosmetics.eu\/pt-pt\/wp-json\/wp\/v2\/product_tag?post=28647"}],"curies":[{"name":"wp","href":"https:\/\/api.w.org\/{rel}","templated":true}]}}

Prè-base de Maquilhagem

<h4>Como<br />
  utilizar</h4>
<p>O<br />
    produto deve ser aplicado na pele limpa, de preferência após a utilização<br />
  do<br />
    hidratante e antes da aplicação da maquilhagem. O primário também pode<br />
  ser<br />
    utilizado sem maquilhagem para obter o efeito de uma tez lisa e mate<br />
  durante<br />
    horas.</p>
</p>
<h4>Ingredients</h4>
<p>Ingredients:<br />
    Dimethicone, Isododecane, Dimethicone Crosspolymer, Isononyl<br />
    Isononanoate.</p>

<p>Pré-base de maquilhagem<br />
  suavizante e corretora. Reduz visivelmente as imperfeições da pele e prolonga<br />
  a duração da maquilhagem, criando uma cútis ideal para a mesma. A sua fórmula<br />
  única esbate as rídulas e as rugas.</p>

<!-- This site is optimized with the Yoast SEO plugin v25.0 - https://yoast.com/wordpress/plugins/seo/ -->
<title>Prè-base de Maquilhagem - NAM</title>
<meta name="robots" content="index, follow, max-snippet:-1, max-image-preview:large, max-video-preview:-1" />
<link rel="canonical" href="https://namcosmetics.eu/pt-pt/producto/make-up-primer/" />
<meta property="og:locale" content="pt_PT" />
<meta property="og:type" content="article" />
<meta property="og:title" content="Prè-base de Maquilhagem - NAM" />
<meta property="og:description" content="Pré-base de maquilhagem  suavizante e corretora. Reduz visivelmente as imperfeições da pele e prolonga  a duração da maquilhagem, criando uma cútis ideal para a mesma. A sua fórmula  única esbate as rídulas e as rugas." />
<meta property="og:url" content="https://namcosmetics.eu/pt-pt/producto/make-up-primer/" />
<meta property="og:site_name" content="NAM" />
<meta property="article:modified_time" content="2024-01-03T09:50:36+00:00" />
<meta property="og:image" content="https://namcosmetics.eu/wp-content/uploads/2023/12/CE451_5905309902923.jpg" />
	<meta property="og:image:width" content="800" />
	<meta property="og:image:height" content="800" />
	<meta property="og:image:type" content="image/jpeg" />
<meta name="twitter:card" content="summary_large_image" />
<script type="application/ld+json" class="yoast-schema-graph">{"@context":"https://schema.org","@graph":[{"@type":"WebPage","@id":"https://namcosmetics.eu/pt-pt/producto/make-up-primer/","url":"https://namcosmetics.eu/pt-pt/producto/make-up-primer/","name":"Prè-base de Maquilhagem - NAM","isPartOf":{"@id":"https://namcosmetics.eu/pt-pt/#website"},"primaryImageOfPage":{"@id":"https://namcosmetics.eu/pt-pt/producto/make-up-primer/#primaryimage"},"image":{"@id":"https://namcosmetics.eu/pt-pt/producto/make-up-primer/#primaryimage"},"thumbnailUrl":"https://namcosmetics.eu/wp-content/uploads/2023/12/CE451_5905309902923.jpg","datePublished":"2023-12-11T15:21:39+00:00","dateModified":"2024-01-03T09:50:36+00:00","breadcrumb":{"@id":"https://namcosmetics.eu/pt-pt/producto/make-up-primer/#breadcrumb"},"inLanguage":"pt-PT","potentialAction":[{"@type":"ReadAction","target":["https://namcosmetics.eu/pt-pt/producto/make-up-primer/"]}]},{"@type":"ImageObject","inLanguage":"pt-PT","@id":"https://namcosmetics.eu/pt-pt/producto/make-up-primer/#primaryimage","url":"https://namcosmetics.eu/wp-content/uploads/2023/12/CE451_5905309902923.jpg","contentUrl":"https://namcosmetics.eu/wp-content/uploads/2023/12/CE451_5905309902923.jpg","width":800,"height":800},{"@type":"BreadcrumbList","@id":"https://namcosmetics.eu/pt-pt/producto/make-up-primer/#breadcrumb","itemListElement":[{"@type":"ListItem","position":1,"name":"Portada","item":"https://namcosmetics.eu/pt-pt/"},{"@type":"ListItem","position":2,"name":"Tienda","item":"https://namcosmetics.eu/tienda/"},{"@type":"ListItem","position":3,"name":"Prè-base de Maquilhagem"}]},{"@type":"WebSite","@id":"https://namcosmetics.eu/pt-pt/#website","url":"https://namcosmetics.eu/pt-pt/","name":"NAM","description":"NAM Europe","potentialAction":[{"@type":"SearchAction","target":{"@type":"EntryPoint","urlTemplate":"https://namcosmetics.eu/pt-pt/?s={search_term_string}"},"query-input":{"@type":"PropertyValueSpecification","valueRequired":true,"valueName":"search_term_string"}}],"inLanguage":"pt-PT"}]}</script>
<!-- / Yoast SEO plugin. -->

Prè-base de Maquilhagem - NAM

Pré-base de maquilhagem  suavizante e corretora. Reduz visivelmente as imperfeições da pele e prolonga  a duração da maquilhagem, criando uma cútis ideal para a mesma. A sua fórmula  única esbate as rídulas e as rugas.
